{"id":1272,"date":"2014-09-30T13:27:37","date_gmt":"2014-09-30T12:27:37","guid":{"rendered":"http:\/\/workaround.be\/~scoutshe\/?page_id=1272"},"modified":"2025-09-21T15:36:11","modified_gmt":"2025-09-21T14:36:11","slug":"baladins","status":"publish","type":"page","link":"https:\/\/www.scoutshennuyeres.be\/?page_id=1272","title":{"rendered":"Baladins"},"content":{"rendered":"\r\n<p class=\"has-black-color has-text-color\"><img loading=\"lazy\" decoding=\"async\" class=\"wp-image-3813 alignleft\" src=\"https:\/\/www.scoutshennuyeres.be\/wp-content\/uploads\/2020\/11\/Baladins-1.png\" alt=\"\" width=\"150\" height=\"172\" \/><\/p>\r\n\r\n\r\n\r\n<p>La premi\u00e8re \u00e9tape du parcours scout pour prendre confiance en soi, dans les autres et dans le monde.<\/p>\r\n\r\n\r\n\r\n\r\n\r\n\r\n\r\n<p>&nbsp;<\/p>\r\n\r\n\r\n\r\n<p>Gr\u00e2ce \u00e0 ce qui est mis en place par notre staff, le baladin ou la baladine d\u00e9veloppe son plaisir et sa volont\u00e9 de rencontrer, savoir, connaitre, oser, essayer, y arriver et s\u2019\u00e9merveiller.<\/p>\r\n\r\n\r\n\r\n<p>&nbsp;<\/p>\r\n<p>&nbsp;<\/p>\r\n\r\n\r\n\r\n<figure class=\"wp-block-pullquote\" style=\"border-color: #00a0dd;\">\r\n<blockquote class=\"has-text-color\" style=\"color: #00a0dd;\">\r\n<p style=\"text-align: center;\"><strong><span style=\"color: #00a0dd;\">L<span style=\"background-color: initial;\">a ribambelle m\u2019ouvre la porte<\/span><\/span><\/strong><\/p>\r\n<p style=\"text-align: center;\"><strong><span style=\"color: #00a0dd;\">Et au final le rire m\u2019emporte !<\/span><\/strong><\/p>\r\n<cite>Ensemble, on est mieux (BE SCOUT)<\/cite><\/blockquote>\r\n<\/figure>\r\n<p class=\"has-luminous-vivid-amber-color has-text-color has-medium-font-size\"><strong><span class=\"has-inline-color\" style=\"color: #00a0dd;\">Le staff 2025-2026<\/span><\/strong><\/p>\r\n\r\n\r\n\r\n<ul>\r\n<li>MOUSTAC\r\n<p>\ud83d\udcaaAussi discret que talentueux, cet animateur a choisi de rempiler pour apporter son exp\u00e9rience aux nouveaux talents.<\/p>\r\n<p>\ud83e\udd47Toujours partant, peu importe le projet, il sait ce que signifie l&rsquo;engagement et il a \u00e0 c\u0153ur de bien faire les choses.<\/p>\r\n<p>\u2692\ufe0f\ud83e\udeb5Attentionn\u00e9 et d\u00e9licat, il a choisi de faire profiter \u00e0 nouveau les Baladins de toutes les merveilles qu&rsquo;il peut construire de ses doigts.<\/p>\r\n<p>\ud83e\udd17La ribambelle t&rsquo;attend, Moustac !<\/p>\r\n<p>&nbsp;<\/p>\r\n<\/li>\r\n<li>\r\n<p>HOOLOCK<\/p>\r\n<p>\ud83d\ude0eSa tchatche, son enthousiasme, sa cr\u00e9ativit\u00e9 et son sens de l&rsquo;autre sont autant d&rsquo;atouts qui font de lui un animateur de qualit\u00e9.<\/p>\r\n<p>\u2694\ufe0fAvec son arriv\u00e9e, tel d Artagnan, il rejoint les 3 autres mousquetaires et compl\u00e8te le noyau familial au sein des staffs !<\/p>\r\n<p>\ud83c\udfd1Et puisque ce petit bout d&rsquo;homme sera hockey le dimanche et donc OK le samedi, nous sommes ravis de le voir encore plus souvent HOOLOCK- al des Baladins \ud83e\udd17<\/p>\r\n<\/li>\r\n<li>\r\n<p>THAIS<\/p>\r\n<p>\ud83c\udf0aApr\u00e8s avoir pris de la hauteur, elle a os\u00e9 faire le grand plongeon dans le monde de l&rsquo;animation.<\/p>\r\n<p>\u2728sTHAIStiquement, c&rsquo;est s\u00fbr, c&rsquo;\u00e9tait trop&#8230; Mais depuis, elle est devenue une vraie star parmi ALL STARS&#8230;<\/p>\r\n<p>\ud83d\udc5fToujours bien entour\u00e9e, ce petit bout de femme a toujours le sourire et semble bien dans ses baskets.<\/p>\r\n<p>\ud83e\udd17Ce sont les baladins qui profiteront de sa douceur, son regard malicieux et ses d\u00e9licates attentions.<\/p>\r\n<p>&nbsp;<\/p>\r\n<\/li>\r\n<li>\r\n<p>TUIDARA<\/p>\r\n<p>\ud83c\udf6fPourtant n\u00e9e dans une marmite de scoutisme, elle a pr\u00e9f\u00e9r\u00e9 prendre un peu de recul pour mieux replonger&#8230;<\/p>\r\n<p>\ud83e\udd29Et quelle belle surprise que de la voir int\u00e9grer notre \u00e9quipe d&rsquo;animateurs !<\/p>\r\n<p>\u2615R\u00e9cemment qualifi\u00e9e, cette barista sait y faire avec les &lsquo;Kawas&rsquo; &#8230; Et saura apporter son \u00e9coute, son sens de l&rsquo;adaptation et sa ma\u00eetrise de l&rsquo;animation, au services des petits Balas.<\/p>\r\n<p>Bienvenue TUIDARA !<\/p>\r\n<\/li>\r\n<\/ul>\r\n<blockquote>\r\n<p>&nbsp;<\/p>\r\n<\/blockquote>\r\n\r\n\r\n\r\n<p class=\"has-text-color has-medium-font-size\" style=\"color: #00a0dd;\"><strong>Plus d&rsquo;infos ?<\/strong><\/p>\r\n\r\n\r\n\r\n<p>N&rsquo;h\u00e9sitez pas \u00e0 les contacter : <span style=\"text-decoration: underline;\">baladins.hennuyeres (at) gmail.com<\/span><\/p>\r\n","protected":false},"excerpt":{"rendered":"<p>La premi\u00e8re \u00e9tape du parcours scout pour prendre confiance en soi, dans les autres et dans le monde. &nbsp; Gr\u00e2ce \u00e0 ce qui est mis en place par notre staff, le baladin ou la baladine d\u00e9veloppe son plaisir et sa volont\u00e9 de rencontrer, savoir, connaitre, oser, essayer, y arriver et s\u2019\u00e9merveiller. &nbsp; &nbsp; La ribambelle<\/p>\n<p><a class=\"button\" href=\"https:\/\/www.scoutshennuyeres.be\/?page_id=1272\" title=\"More\">  Read More \u2192<\/a><\/p>\n","protected":false},"author":7,"featured_media":0,"parent":0,"menu_order":0,"comment_status":"closed","ping_status":"closed","template":"","meta":{"footnotes":""},"_links":{"self":[{"href":"https:\/\/www.scoutshennuyeres.be\/index.php?rest_route=\/wp\/v2\/pages\/1272"}],"collection":[{"href":"https:\/\/www.scoutshennuyeres.be\/index.php?rest_route=\/wp\/v2\/pages"}],"about":[{"href":"https:\/\/www.scoutshennuyeres.be\/index.php?rest_route=\/wp\/v2\/types\/page"}],"author":[{"embeddable":true,"href":"https:\/\/www.scoutshennuyeres.be\/index.php?rest_route=\/wp\/v2\/users\/7"}],"replies":[{"embeddable":true,"href":"https:\/\/www.scoutshennuyeres.be\/index.php?rest_route=%2Fwp%2Fv2%2Fcomments&post=1272"}],"version-history":[{"count":33,"href":"https:\/\/www.scoutshennuyeres.be\/index.php?rest_route=\/wp\/v2\/pages\/1272\/revisions"}],"predecessor-version":[{"id":4460,"href":"https:\/\/www.scoutshennuyeres.be\/index.php?rest_route=\/wp\/v2\/pages\/1272\/revisions\/4460"}],"wp:attachment":[{"href":"https:\/\/www.scoutshennuyeres.be\/index.php?rest_route=%2Fwp%2Fv2%2Fmedia&parent=1272"}],"curies":[{"name":"wp","href":"https:\/\/api.w.org\/{rel}","templated":true}]}}