{"id":2779,"date":"2018-01-11T19:22:55","date_gmt":"2018-01-11T18:22:55","guid":{"rendered":"http:\/\/www.scoutshennuyeres.be\/?page_id=2779"},"modified":"2019-02-19T21:14:10","modified_gmt":"2019-02-19T20:14:10","slug":"membre-staff-8","status":"publish","type":"page","link":"https:\/\/www.scoutshennuyeres.be\/?page_id=2779","title":{"rendered":"Membre Staff Baladins- Alpaga"},"content":{"rendered":"<p>[vc_row][vc_column width=\u00a0\u00bb1\/2&Prime;]<a href=\"http:\/\/www.scoutshennuyeres.be\/wp-content\/uploads\/2018\/02\/Alpaga.jpg\"><img loading=\"lazy\" decoding=\"async\" class=\"alignnone  wp-image-2801\" src=\"http:\/\/www.scoutshennuyeres.be\/wp-content\/uploads\/2018\/02\/Alpaga-169x300.jpg\" alt=\"\" width=\"263\" height=\"467\" srcset=\"https:\/\/www.scoutshennuyeres.be\/wp-content\/uploads\/2018\/02\/Alpaga-169x300.jpg 169w, https:\/\/www.scoutshennuyeres.be\/wp-content\/uploads\/2018\/02\/Alpaga-577x1024.jpg 577w, https:\/\/www.scoutshennuyeres.be\/wp-content\/uploads\/2018\/02\/Alpaga.jpg 581w\" sizes=\"(max-width: 263px) 100vw, 263px\" \/><\/a>[\/vc_column][vc_column width=\u00a0\u00bb1\/2&Prime;][vc_column_text]<\/p>\n<table>\n<tbody>\n<tr>\n<td class=\"title\">Totem:<\/td>\n<td class=\"text\">Alpaga<\/td>\n<\/tr>\n<tr>\n<td class=\"title\">Quali:<\/td>\n<td class=\"text\">Co-pilote<\/td>\n<\/tr>\n<tr>\n<td class=\"title\">Nom:<\/td>\n<td class=\"text\">Ayriannoff No\u00e9<\/td>\n<\/tr>\n<tr>\n<td class=\"title\">Age:<\/td>\n<td class=\"text\">[php_everywhere] ans<\/td>\n<\/tr>\n<tr>\n<td class=\"title\">Staff:<\/td>\n<td class=\"text\">Baladins<\/td>\n<\/tr>\n<tr>\n<td class=\"title\">Fonctions\/R\u00f4le dans le Staff:<\/td>\n<td class=\"text\"><\/td>\n<\/tr>\n<tr>\n<td class=\"title\">Mes Hobbies:<\/td>\n<td class=\"text\">Arts martiaux et les scouts (\u00e9videmment)<\/td>\n<\/tr>\n<tr>\n<td class=\"title\">Une devise qui pourrait me d\u00e9crire:<\/td>\n<td class=\"text\"><\/td>\n<\/tr>\n<tr>\n<td class=\"title\">Mon plus beau souvenir scout:<\/td>\n<td class=\"text\">Jusqu&rsquo;\u00e0 pr\u00e9sent, c&rsquo;est le week-end survie de ma seconde ann\u00e9e scout<\/td>\n<\/tr>\n<tr>\n<td class=\"title\">Une anecdote me concernant:<\/td>\n<td class=\"text\">\u00e9tant myope et \u00e0 moiti\u00e9 aveugle depuis longtemps, j&rsquo;ai confondu mon gel douche avec ma cr\u00e8me solaire durant mon premier camps&#8230; Ce qui a bien fait rire le chef qui surveillait la douche quand, au bout de 15 minutes, j&rsquo;\u00e9tais toujours aussi blanc.<\/td>\n<\/tr>\n<\/tbody>\n<\/table>\n<p>[\/vc_column_text][\/vc_column][\/vc_row]<\/p>\n","protected":false},"excerpt":{"rendered":"<p>[vc_row][vc_column width=\u00a0\u00bb1\/2&Prime;][\/vc_column][vc_column width=\u00a0\u00bb1\/2&Prime;][vc_column_text] Totem: Alpaga Quali: Co-pilote Nom: Ayriannoff No\u00e9 Age: [php_everywhere] ans Staff: Baladins Fonctions\/R\u00f4le dans le Staff: Mes Hobbies: Arts martiaux et les scouts (\u00e9videmment) Une devise qui pourrait me d\u00e9crire: Mon plus beau souvenir scout: Jusqu&rsquo;\u00e0 pr\u00e9sent, c&rsquo;est le week-end survie de ma seconde ann\u00e9e scout Une anecdote me concernant: \u00e9tant myope<\/p>\n<p><a class=\"button\" href=\"https:\/\/www.scoutshennuyeres.be\/?page_id=2779\" title=\"More\">  Read More \u2192<\/a><\/p>\n","protected":false},"author":7,"featured_media":0,"parent":0,"menu_order":0,"comment_status":"closed","ping_status":"open","template":"","meta":{"footnotes":""},"_links":{"self":[{"href":"https:\/\/www.scoutshennuyeres.be\/index.php?rest_route=\/wp\/v2\/pages\/2779"}],"collection":[{"href":"https:\/\/www.scoutshennuyeres.be\/index.php?rest_route=\/wp\/v2\/pages"}],"about":[{"href":"https:\/\/www.scoutshennuyeres.be\/index.php?rest_route=\/wp\/v2\/types\/page"}],"author":[{"embeddable":true,"href":"https:\/\/www.scoutshennuyeres.be\/index.php?rest_route=\/wp\/v2\/users\/7"}],"replies":[{"embeddable":true,"href":"https:\/\/www.scoutshennuyeres.be\/index.php?rest_route=%2Fwp%2Fv2%2Fcomments&post=2779"}],"version-history":[{"count":9,"href":"https:\/\/www.scoutshennuyeres.be\/index.php?rest_route=\/wp\/v2\/pages\/2779\/revisions"}],"predecessor-version":[{"id":3356,"href":"https:\/\/www.scoutshennuyeres.be\/index.php?rest_route=\/wp\/v2\/pages\/2779\/revisions\/3356"}],"wp:attachment":[{"href":"https:\/\/www.scoutshennuyeres.be\/index.php?rest_route=%2Fwp%2Fv2%2Fmedia&parent=2779"}],"curies":[{"name":"wp","href":"https:\/\/api.w.org\/{rel}","templated":true}]}}